 a composite number?
True
Suppose 2*z + 49501 = 3*p, 0 = -z + 34 - 33. Is p composite?
True
Let a(d) = 27 + 165*d + 18 + 64. Is a(10) a prime number?
True
Let l = 59 - 58. Let t be -2 - ((l - -3) + -3)*-3. Is (t - 0) + -4 + 1417 + -53 a prime number?
True
Let l = 338611 + -227460. Is l composite?
True
Let i(r) = -5*r**3 - 6*r**2 + 5*r - 1. Let f(u) = -2*u**2 - 3*u + 4. Let j = -53 - -50. Let l be f(j). Is i(l) composite?
False
Let b be (1098/24 - -6) + (-3)/(-12). Suppose 4171 = 53*g - b*g. Is g composite?
True
Let l(i) = i**2 + 5*i - 26. Let g be l(-7). Let x(c) = -c - 10. Let h be x(g). Suppose 3*o - 751 = h*o. Is o composite?
False
Let d(z) = 494*z**2 + 149*z + 51. Let j(x) = 99*x**2 + 30*x + 10. Let l(h) = -2*d(h) + 11*j(h). Is l(-9) a prime number?
True
Let y(j) = 5*j - j**2 - 3*j**3 + 3*j**2 + 124*j**3 - 7. Let q = -343 + 345. Is y(q) prime?
False
Let f(d) = -2*d + 3. Let y be f(-1). Suppose -i + 2*i = -4, i - 11211 = -y*o. Is o prime?
True
Let x(c) = 96*c + 2673. Let z be x(-28). Let g(r) = -7*r**2 + 9*r + 10*r + 17 + 3*r**3 - 5*r**3. Is g(z) composite?
True
Let c(l) = 522*l. Let g be c(16). Suppose 15*p = 18*p - g. Let d = p + -1907. Is d composite?
False
Let b = 4593 - -4138. Is b prime?
True
Let x(l) = -l - 15. Let g be x(-15). Suppose 3*f - 5*f + 690 = g. Suppose -7*t + f = -2*t. Is t prime?
False
Suppose -5*n - 3*z = 2, 3*n - 2*n - 4*z = 18. Is -13683*(-10)/(-12)*n/(-5) a composite number?
False
Let u(n) = -13 + 41 - 20 - 25 + 362*n. Is u(3) composite?
False
Suppose 3*z + 2*m - 337913 = 0, -9*z + 3*m = -13*z + 450550. Let l = -77102 + z. Is l composite?
False
Suppose s + 3048 = 2*h - 1302, -5*h - 3*s + 10864 = 0. Let v = -1509 + h. Suppose 5*o + 180 = v. Is o a composite number?
False
Let r = 725140 + -462771. Is r a composite number?
False
Let w(b) = -b**3 + b - 2. Let v be w(-2). Let s be (-27 - -37)*(-1)/(-5) + 2808. Suppose -v*x - 16 = o - 578, 5*o - s = -5*x. Is o a composite number?
True
Suppose -6*o = -263036 - 141674 - 528944. Is o composite?
False
Suppose 23*o - 3983352 = 4*o - 5*o. Is o a prime number?
False
Is (-12912)/(-10) + (-6 - 35/(-7))/5 a composite number?
False
Let b = -536 - -1972. Suppose -n - 4*d + 707 = d, d = 2*n - b. Is n composite?
True
Let l = -481955 + 769890. Is l a prime number?
False
Let k(d) = -324*d + 21. Suppose j = -5*s - 8, 0*s - 2*s - 2 = j. Is k(s) prime?
False
Let w = 42 - 47. Is (-2)/2*-7711*(6 + w) composite?
True
Let c = -4460 - -6153. Is c a prime number?
True
Is 3/(-15) - ((-8135736)/105 + -15) prime?
False
Let y(n) = 320*n**2 - 8*n - 23 + 340*n**2 - 568*n**2. Is y(-6) prime?
False
Let s be 0*((-40)/12 - -3) + 31568. Suppose 2*r - s = -4270. Is r prime?
True
Let v(m) = m**3 + 9*m**2 - 12*m - 13. Let z be v(-10). Let g(f) be the third derivative of 3*f**5/5 + f**4/8 + 5*f**3/3 + 21*f**2. Is g(z) composite?
True
Let k(r) = -537*r + 10 - 10 - 69 - 161*r. Is k(-4) a prime number?
False
Let k be (6 - -3792)/6*(0 + -3). Let d = 5675 + k. Suppose 0 = -g + 2*j + 1971, 3*g = -4*j - d + 9649. Is g composite?
True
Let m be 4/(-64)*-4 + 195510/8. Suppose 16*t - m - 5977 = 0. Is t composite?
False
Let q be (27 - 4)/((-2)/(-126)). Suppose -6*u - q = 339. Let c = 729 - u. Is c a prime number?
False
Suppose 59 - 11 = -8*x. Let q = -4 - x. Suppose -9*t + v + 4107 = -4*t, 2*t = -q*v + 1638. Is t prime?
True
Let b be (-1285 - (0 + 2)) + (-3)/(-1). Let a = 2207 - b. Is a prime?
True
Let f(v) = 5*v + 33. Let o be f(-6). Suppose -10*c = -2*p - 13*c + 1733, o*p + 4*c - 2599 = 0. Is p a prime number?
False
Let m = 369665 + -224646. Is m prime?
False
Let w(a) = -6*a**3 + 22*a**2 - 4*a - 58. Let x be w(9). Let s = -1779 - x. Is s a composite number?
False
Suppose -4*r + 5 = -h - 0*r, 3*h - 5 = 2*r. Suppose -h*w + 4*w = 4*n - 16692, n + 4*w = 4190. Is n a prime number?
False
Let u(q) = 153*q**2 - 124*q + 258. Is u(23) a prime number?
False
Let c = 52718 - -82089. Is c a prime number?
True
Let z(x) = 16*x - 33. Let y be z(5). Let d = y + 1170. Is d composite?
False
Let j = -108 - -152. Suppose 3*g + j - 11 = 0. Let p(m) = -41*m + 68. Is p(g) a prime number?
False
Is ((-14816858)/49)/((-38)/133) prime?
False
Let c = 43033 - -143345. Let f = c + -96127. Is f a prime number?
False
Suppose -4*k + 2*s = -0*s - 86, k = -3*s + 32. Let w = k - 37. Is (-1673)/(-5) + w/(-35) prime?
False
Suppose 0 = -5*b - 2*n + 880186, 0 = 3*b + 3*n - 847846 + 319729. Suppose 16*u + 12*u = b. Is u prime?
True
Suppose 109*c - 4301803 = -284826. Is c a prime number?
False
Suppose -2*u - 3070 = 2*g + g, -2*g - 2*u = 2050. Let r = g - -1819. Is 1*(r - (5 - 5)) composite?
True
Let p(k) = -k**3 - k**2 + 5*k + 3. Let x be p(0). Suppose x*v + 26832 = 6*v + 5*y, -4*y + 12 = 0. Is v a composite number?
True
Let p = -1217 + 1873. Suppose -3*l = -884 - 295. Let x = p - l. Is x prime?
True
Let k be -2 + (0 - (-9 - 6/(-2))). Suppose -11*i + 5369 = -k*i. Is i a prime number?
False
Suppose 4*a = -55 - 69. Let i = -25 - a. Suppose -2*p - 1276 = -i*p. Is p a composite number?
True
Let z(j) = -143*j**3 - 7*j**2 - 3. Let c(w) = -72*w**3 - 4*w**2 - 1. Let y(q) = -5*c(q) + 2*z(q). Suppose -69 = 6*k + 56 - 149. Is y(k) prime?
True
Let g be (4 - -3*4/(-4))/1. Is ((-582)/(-9))/(82/78 - g) a composite number?
True
Let f = 35 + -17. Let j = 22 - f. Suppose 9174 - 383 = 5*o + l, -j*o + 7024 = 3*l. Is o a prime number?
True
Let w(x) = 13093*x - 8880. Is w(11) prime?
False
Suppose 0 = -15*l + 684 - 3834. Is 15214/28*2 + (-60)/l prime?
True
Suppose 0 = 2*k - 204 - 74. Suppose -4*b + 14*n = 19*n - 4907, -n = 1. Let j = b + k. Is j prime?
True
Let f be -10*9*26/(-3). Suppose 0 = 2*k + 116 + f. Let b = -194 - k. Is b prime?
False
Suppose -117021 = -i - s, 617*s = -5*i + 618*s + 585117. Is i a composite number?
False
Suppose 0*m = 8*m - 24. Suppose -6647 = m*w - 2*r - 18552, 0 = -w + 5*r + 3977. Is w composite?
False
Let k(s) = -45*s**3 + 12*s**2 - 42*s + 52. Is k(-11) a prime number?
True
Suppose -254442 = 94*q - 2418624 - 693700. Is q prime?
True
Let l(a) = -17*a**2 + 4*a + 5*a - 12 + 11*a**2. Let c be l(4). Is 5270/18 + (-16)/c prime?
True
Let y(r) be the first derivative of r**6/120 - r**5/15 - 7*r**4/12 - 19*r**3/3 + 13. Let i(j) be the third derivative of y(j). Is i(9) prime?
True
Let r = 92 + -92. Let g be ((-18)/(-27))/((-2)/3 - r). Is (g/4)/(22/(-164296)) composite?
False
Let k(f) = -2*f**3 - 47*f**2 + 97*f - 41. Let q = -133 + 130. Let s(w) = -w**3 - 23*w**2 + 49*w - 20. Let c(h) = q*k(h) + 5*s(h). Is c(-21) a composite number?
True
Is 73/292 + 1/12*941961 prime?
True
Let r be (156/16)/(2/64). Let o = r + -1546. Let j = 3383 + o. Is j a prime number?
False
Suppose 2*c = -3*c - 650. Let h be (0 - c)/((0 - 3)/(-3)). Let i = h - 17. Is i composite?
False
Let v(w) be the third derivative of -3959*w**6/120 + 2*w**5/15 + w**4/2 - w**3/2 - 14*w**2 - 2. Is v(-2) a prime number?
False
Let o = -16 - -25. Let g(v) = 5 - 5 - o*v - 5 + 2 + 5*v**2. Is g(10) a composite number?
True
Let u(v) = -15*v - 11*v**2 - 2*v**2 - 66 + 83 + v**3. Let r be u(14). Suppose -d = 5*p - 1880, r*p + 5*d = 1429 - 323. Is p a composite number?
True
Suppose -2*p = -4*o + 28, o + 3*p - 7*p - 21 = 0. Is -3 + o - (-652 + -1)*9 prime?
True
Let a(y) = 22*y - 170. Let j be a(7). Let r(l) = -l**3 - 9*l**2 - 8*l - 53. Is r(j) prime?
True
Let w = -87 - -92. Suppose 4*k - 2*g = -0*g + 2588, w*g = 5*k - 3235. Suppose 10341 = 4*d - k. Is d composite?
True
Suppose -3*d + 3236 = -5*a, 2879 - 8259 = -5*d + 5*a. Let p = 441 + d. Is p a prime number?
False
Suppose -20*a - 30*a - 167150 = 0. Let s = 5770 + a. Is s prime?
False
Suppose -6*j + 42 - 6 = 0. Is ((-4153)/j - 0)/((-3)/18) a composite number?
False
Let h(a) = 21*a**2 - 1149*a - 361. Is h(131) a composite number?
True
Let d(p) = -60*p**2 + 6*p - 2. Let l = -2 - -8. Let i be d(l). Let v = -535 - i. Is v composite?
True
Is (-16)/64 + (-12524715)/(-28) a prime number?
True
Is 3154167/36 + 55/(-20) a composite number?
False
Let s be (45/(8 - 13))/(1/(-74474)). Suppose 138*v = 120*v + s. Is v a prime number?
False
Let j be 39/(-15) + 3 + 6/(-15). Let c(i) = 7*i**3 - 1 + j + 0 - 4 - 9*i. Is c(7) composite?
False
Suppose l - 9 = -3*i, i + 27*l = 31*l + 3. Suppose -5*g = -20, 49*j = 45*j - i*g + 51424. Is j prime?
True
Let a(x) = x**3 + 2*x**2 - 2*x - 139. Let t b